
0
Calculate -1 + 2 + (2 - 0).
3
(-4 - (-1 - 4)) + -2 - -3
2
What is the value of (3 - 2 - -4) + (21 - 19)?
7
What is the value of (1 - 1) + (7 - (4 - -8))?
-5
What is the value of (1 - -12) + 33 + -43?
3
What is 2 + (-3 - 1) + 0 + -1?
-3
Evaluate 2 - (-1 + 1) - -1 - 3.
0
Evaluate 2 + -2 + -17 + 9.
-8
Calculate (-4 + 4 - 2) + 7.
5
What is the value of (2 - 0) + 8 + -6 - 4?
0
12 - (-8 - (-10 + -1))
9
Calculate (-8 - -2) + 9 + -1.
2
1 - 2 - (-71 - -64)
6
Calculate (-11 + 28 - 17) + (-1 - 0).
-1
What is the value of 1 + -13 - (-308 - -292)?
4
Evaluate -5 + (-4 - -2) + 3.
-4
What is the value of (6 + 2 - 17 - -5) + 6?
2
What is the value of 1 + 0 + (-3 - -1) + -1?
-2
98 + -99 + (-1 - -1)
-1
Calculate 76 + -78 - (2 + -12).
8
What is the value of 9 + -3 + -14 + (0 - -4)?
-4
What is the value of -3 - (-8 + 6 + -5)?
4
What is 2 - (0 + (-2 + 3 - -3))?
-2
Evaluate 7 + -20 + (-3 - (-13 + 4)).
-7
Evaluate (-9 - -1) + 3 + -4 + 6.
-3
Evaluate 11 + -14 - (-1 - -1).
-3
0 + 3 - (6 - 8)
5
What is -6 + 7 + -6 + 9?
4
What is -6 + 2 + 9 + -16 - -5?
-6
Calculate (-4 - 4) + (-12 - -14) - 2.
-8
What is the value of -5 + -9 - (2 + -10)?
-6
Calculate 3 + (10 - (10 - 2)).
5
What is 4 + -1 + -3 + (4 - 2)?
2
What is the value of (1 - (0 + -1)) + 0 + -7?
-5
What is 5 + 9 + (-3 - -5) + -9?
7
What is 1 - -1 - (-12 + 12) - -4?
6
What is the value of -3 - (3 + (2 - (3 + 3)))?
-2
-7 + 5 + 0 - (-3 + -4)
5
-4 + 9 - 0 - 0 - 2
3
-2 - (4 + -8 + 5) - -1
-2
What is the value of 0 - (4 + (0 - 4) - 1)?
1
Evaluate 4 - (1 + -2 + 3).
2
What is -5 + (1 - 5) + 7?
-2
0 + -5 + 3 + 1 + -4
-5
Evaluate 7 - (0 + (-3 - -6)).
4
Evaluate -18 - 1 - -26 - (-1 - -8).
0
5 + (-5 - 4) - -5
1
Calculate 16 + (-26 - -15) + -8.
-3
Evaluate 1 + 5 + -1 + -23 + 10.
-8
2 + 1 - (-4 - (1 + -8))
0
What is -9 + 9 + 8 + -11?
-3
Calculate 4 + -2 + 1 + -5 - -1.
-1
Evaluate 0 + 2 + 6 - 2.
6
Calculate (9 - 4) + -2 - 5.
-2
What is the value of (-1 - (-1 - 2)) + -1 + 2?
3
Evaluate (-11 - (3 + -7)) + 4.
-3
14 + -1 + 1 - 7
7
Calculate 5 + -2 + (6 - 7).
2
Calculate 5 - 4 - (9 + -8).
0
What is the value of -2 + 0 + 10 + -6?
2
What is the value of 344 + -349 - (1 - 2 - -1)?
-5
What is the value of 12 - (1 - 0) - (1 + 4)?
6
What is the value of 13 + -6 + (4 - 10) - -3?
4
-1 - (2 + -5) - (-2 + 0)
4
What is the value of (6 - (14 + -4)) + (1 - 3)?
-6
What is (0 - (3 + -7)) + -3 - -1?
2
0 + 1 + -3 + -14 + 12
-4
What is the value of 1 + -1 + (7 - (0 + 3))?
4
What is the value of 3 - (-2 + 6 - (-8 + 10))?
1
1 + (-4 - -3) + -2 - -3
1
What is the value of 0 + 34 + -40 + 7 + 0?
1
What is -6 + (3 - (-4 + 4))?
-3
Evaluate (-1 - 7) + -6 + 9 + 1.
-4
Evaluate (-4 - -15) + -11 - -5.
5
What is the value of 1 + (6 - 9) + 6?
4
What is the value of 9 - 15 - (1 - 3)?
-4
Evaluate (3 + -6 - -4) + 0.
1
Evaluate -3 - 2 - (-7 + 13 + -7).
-4
What is the value of -5 + 3 + -4 + 3?
-3
Calculate 7 + 0 + 0 + -2.
5
Evaluate 5 + -10 + 8 + 3.
6
What is (-3 - (1 + -4)) + -2 + -1?
-3
(-3 - (0 + 4 + -9)) + -10
-8
Calculate 8 + 1 - (-70 - -69).
10
What is the value of -5 + 18 + -6 + -14 - -7?
0
What is (-5 - (1 - 5)) + -1?
-2
What is the value of 0 + (-5 - (-1 - (2 + -3)))?
-5
What is 11 - ((-11 - -18) + (-2 - -2))?
4
What is (-1 - -1) + 6 + (-65 - -53)?
-6
Evaluate -113 + 112 - (-3 - 0).
2
4 - (4 + 3 + -3)
0
3 + (6 - -1) + -7
3
What is -4 + 6 + (2 - 4 - -3)?
3
Evaluate -1 + 1 + -2 + 1.
-1
Evaluate -5 + 5 + -4 + 2.
-2
What is -4 + -1 + 3 - -3?
1
1 + -7 + (9 - 6)
-3
-6 + 1 + -3 + (2 - -2)
-4
0 - -1 - 4 - -4
1
Evaluate -2 + 2 + (0 - (3 - -3)).
-6
Calculate -2 + (0 - (1 + 3) - -1).
-5
(3 - -3 - 4) + 0 + -2
0
What is (-3 - -1) + (-2 - (-6 - -3))?
-1
What is 2 - (-7 + (3 - -6) + 6)?
-6
Calculate -9 - (-8 + 5 + -6 - 0).
0
Evaluate 4 - ((4 + -5 - -4) + 6).
-5
Evaluate -4 + 1 + (-25 - -30) + -2.
0
What is the value of (-4 - -9) + -6 + 3 + 7?
9
Evaluate -7 - -2 - 2 - -2.
-5
Calculate 34 + -29 + -2 + -1.
2
17 - (-9 - -23) - (11 - 2)
-6
Calculate -7 - ((1 + 3 - 3) + -5).
-3
What is -6 - (-12 - (-6 - 8))?
-8
What is -1 + 2 + (-2 - 0) + 7?
6
Evaluate (-24 - (4 + -16)) + 5.
-7
Evaluate (-4 - (-2 + -5)) + -4.
-1
(0 - 1) + (-6 - -10)
3
2 - 3 - (-5 + -6 + 8)
2
Evaluate 8 - 1 - (27 + -24).
4
Evaluate 7 - (3 + 6 + -3).
1
Evaluate 9 + -1 + -9 + (19 - 12).
6
2 + (-2 - 1) + -2 - -4
1
What is the value of -2 + -7 - (-7 + 3)?
-5
Evaluate 2 + (-4 - 3) - (2 - 6).
-1
What is -1 + 1 - (-17 + 20 + -6)?
3
Evaluate -7 + 0 - (-23 - -15).
1
Calculate 2 + (1 - (2 - -1)) + 2.
2
Calculate -3 - (0 + 1 + -2).
-2
Calculate 7 - (5 + -1 + 0) - -3.
6
-1 + (1 - 0) + -3
-3
4 + -1 + -6 + -2
-5
Evaluate (4 - 8) + 0 + 2.
-2
What is the value of (-6 - -10) + (-2 - -2) + -7?
-3
Evaluate 5 + (0 - 2) - 8.
-5
What is -6 - (3 - 3) - (-14 - -2)?
6
2 + (-3 - (10 + -6))
-5
What is (0 - (-1 + 1)) + 0 + 4?
4
What is the value of -2 + -1 - (2 + 0)?
-5
What is -1 - -5 - -2 - (24 + -15)?
-3
Calculate 3 + (1 + -3 - -4 - 5).
0
3 + -10 + 3 + -1 + 1
-4
What is 6 + (-9 - 1 - 0)?
-4
4 - (-3 - -2 - -5)
0
What is the value of 7 + (3 + -6 - 1)?
3
What is the value of -4 + (-3 + 3 - -4) + 6?
6
What is the value of 3 + 0 + 2 + -2?
3
Calculate 3 - (7 + 1 + -3).
-2
What is the value of -25 + 9 + 9 - -9?
2
What is (17 - (-1 + 2)) + -6?
10
Calculate 4 + 0 - (-9 - (-11 - -3)).
5
-3 + 7 - 7 - (0 - 2)
-1
-13 - -9 - (9 - 6)
-7
Calculate 0 + -3 + -1 + 6.
2
Evaluate -11 + 4 - 6 - -10.
-3
7 - (5 - 2) - -1
5
8 + (-3 + 0 - 0)
5
(13 - 1) + -12 + 8
8
Calculate -5 - (0 - 4) - -2.
1
Evaluate 2 - (1 + 1 + 5) - 1.
-6
(5 - -3) + (0 - 5)
3
(0 - 4) + 0 - -9
5
What is (-6 - (0 - 6)) + 0?
0
Calculate -6 + 1 + (-1 - -9 - 12).
-9
What is the value of 9 - 4 - (0 - -2)?
3
Calculate (-4 - -6) + 1 + -6.
-3
Calculate 12 + -12 - (-4 + 1 + 0).
3
-1 - -3 - (-3 + 3)
2
What is (-32 - -31) + (-1 - 2)?
-4
-3 + 3 + 1 + (-1 - 0)
0
Evaluate 2 - (0 + -3 + 5).
0
What is (-17 - -11 - -3) + -1 + -1?
-5
0 + (-5 - -2 - (0 + -7))
4
What is the value of 2 + (6 - 15 - -7)?
0
What is the value of -6 + (-8 - -8 - -8) - -2?
4
What is (3 - 3 - 3) + -1?
-4
What is -4 - -2 - (2 + -4 - 3)?
3
0 - (-2 + (1 - -2) + 4)
-5
Evaluate (-2 - -10) + -15 - -14.
7
What is -5 - ((3 - 4) + -5 + 3)?
-2
What is the value of (-1 - -4) + (-5 - -7)?
5
What is -3 + (-1 + 8 - 5)?
-1
Evaluate 1 - 3 - (1 - 5).
2
Calculate -1 + -1 + (-5 - -4).
-3
Calculate -12 + 3 + 5 - (0 - 5).
1
What is the value of -11 + 3 - (3 + (-20 - -11))?
-2
-20 + 2 - -6 - -2
-10
Evaluate 8 - (7 - 5 - 0).
6
What is 2 + -5 + 7 + 2?
6
Calculate 2 - 2 - (1 + 1).
-2
Calculate 3 + -1 + -2 - 0.
0
Calculate 5 - (-1 + 1 + (-9 - -7)).
7
5 + -3 + 6 + -1 - 3
4
(5 - 7) + 9 + 1
8
Calculate -29 + 32 - (6 + 1).
-4
What is 0 - (0 + -3 - (2 - 3))?
2
4 + 6 + -4 + 3
9
What is 4 - (1 - (-2 - -4))?
5
Calculate (1 - (3 - 2)) + -3 + -2.
-5
What is (2 - 13 - (6 - 11)) + 2?
-4
What is 1 - (-9 + 2) - (0 + 3)?
5
What is (1 + -1 - (-6 - -3)) + 1?
4
81 - 75 - (0 - -5)
1
Evaluate 2 - ((2 - -5) + -2).
-3
5 - 7 - (-1 - 0) - 3
-4
Calculate -13 + (0 - (-9 + 3)).
-7
What is the value of 2 + 0 + (1 + -3 - -2)?
2
Evaluate (-7 - -9) + (2 - 3).
1
Evaluate 2 + (0 - -5 - (-28 + 37)).
-2
(6 - (-1 - -2)) + 1 - -2
8
What is 6 - (-4 + 3 + 0) - 3?
4
What is (-4 - -3) + 3 + 0?
2
(-2 - 0) + (5 - 5) + 5
3
What is the value of -2 + -2 + 5 + -2 + -2?
-3
What is -3 + (1 - (0 + 1 - 4))?
1
Calculate (-9 - (8 + -18)) + (-1 - -2).
2
-4 - -1 - (-2 + 2 - 1)
-2
-2 - -1 - (10 + -7)
-4
What is 5 - 1 - (10 - 2)?
-4
4 + -1 + (1 - 3) + -6
-5
-6 + (4 - 4) + 10
4
Evaluate (-8 - (-1 - -1)) + 10 + 8.
10
Calculate -2 + 2 - 2 - (49 + -45).
-6
What is the value of (-6 - -16) + 0 + -9?
1
Evaluate 1 + -4 - (2 + -3 - 2).
0
-4 - -1 - -1 - 3
-5
Calculate -1 + (-1 - 0) + 3.
1
What is -10 - (3 - (9 - 6))?
-10
What is the value of -1 + (-3 - -2) - -7?
5
Evaluate (16 + -12 - (-1 + 5)) + -2.
-2
Evaluate -13 - (0 - (6 + 8)).
1
(-1 - 5) + (12 - 4 - 5)
-3
What is the value of 9 - 5 - 12 - -6?
-2
What is the value of 4 + (-4 - (3 - 6))?
3
What is 0 + -1 + -3 - 1?
-5
What is (-10 - -4) + 9 + (2 - 1)?
4
Calculate -4 + 9 + -6 + 6.
5
Evaluate -1 + 3 + 0 + -3 - 2.
-3
Evaluate 4 + (4 + -6 - 2) + 5.
5
7 - (6 - (1 + 2))
4
What is the value of 0 - (4 - 10) - 3?
3
Calculate 7 + (-4 - (1 - -9)).
-7
Calculate (-4 - (6 - 15)) + 3.
8
What is 1 + -3 + 2 + (0 - -1)?
1
Evaluate 4 + 1 - (-3 + 6) - 1.
1
What is 5 - -1 - (1 + -3 + 5)?
3
Calc